{"id":9328,"date":"2022-09-26T14:29:37","date_gmt":"2022-09-26T12:29:37","guid":{"rendered":"https:\/\/www.willi-graf-schulen.de\/gymnasium\/?page_id=9328"},"modified":"2023-11-30T15:36:32","modified_gmt":"2023-11-30T14:36:32","slug":"unterricht","status":"publish","type":"page","link":"https:\/\/www.willi-graf-schulen.de\/gymnasium\/unterricht\/","title":{"rendered":"Unterricht"},"content":{"rendered":"\t\t<div data-elementor-type=\"wp-page\" data-elementor-id=\"9328\" class=\"elementor elementor-9328\" data-elementor-post-type=\"page\">\n\t\t\t\t\t\t<section class=\"elementor-section elementor-top-section elementor-element elementor-element-94d7cd6 elementor-section-boxed elementor-section-height-default elementor-section-height-default\" data-id=\"94d7cd6\" data-element_type=\"section\" data-e-type=\"section\" data-settings=\"{&quot;jet_parallax_layout_list&quot;:[]}\">\n\t\t\t\t\t\t<div class=\"elementor-container elementor-column-gap-default\">\n\t\t\t\t\t<div class=\"elementor-column elementor-col-100 elementor-top-column elementor-element elementor-element-a03663f\" data-id=\"a03663f\" data-element_type=\"column\" data-e-type=\"column\">\n\t\t\t<div class=\"elementor-widget-wrap elementor-element-populated\">\n\t\t\t\t\t\t<div class=\"elementor-element elementor-element-e2e6fe6 elementor-widget elementor-widget-heading\" data-id=\"e2e6fe6\" data-element_type=\"widget\" data-e-type=\"widget\" data-widget_type=\"heading.default\">\n\t\t\t\t<div class=\"elementor-widget-container\">\n\t\t\t\t\t<h2 class=\"elementor-heading-title elementor-size-default\">Sprachenfolge und Zweigwahl<\/h2>\t\t\t\t<\/div>\n\t\t\t\t<\/div>\n\t\t\t\t\t<\/div>\n\t\t<\/div>\n\t\t\t\t\t<\/div>\n\t\t<\/section>\n\t\t\t\t<section class=\"elementor-section elementor-top-section elementor-element elementor-element-824c483 elementor-section-boxed elementor-section-height-default elementor-section-height-default\" data-id=\"824c483\" data-element_type=\"section\" data-e-type=\"section\" data-settings=\"{&quot;jet_parallax_layout_list&quot;:[]}\">\n\t\t\t\t\t\t<div class=\"elementor-container elementor-column-gap-default\">\n\t\t\t\t\t<div class=\"elementor-column elementor-col-50 elementor-top-column elementor-element elementor-element-7cba170\" data-id=\"7cba170\" data-element_type=\"column\" data-e-type=\"column\">\n\t\t\t<div class=\"elementor-widget-wrap elementor-element-populated\">\n\t\t\t\t\t\t<div class=\"elementor-element elementor-element-54441ae elementor-widget elementor-widget-text-editor\" data-id=\"54441ae\" data-element_type=\"widget\" data-e-type=\"widget\" data-widget_type=\"text-editor.default\">\n\t\t\t\t<div class=\"elementor-widget-container\">\n\t\t\t\t\t\t\t\t\t<p>Junge Menschen durch ein erweitertes Unterrichtsangebot auf die Erfordernisse einer von Mehrsprachigkeit gepr\u00e4gten globalisierten und technisierten Welt vorzubereiten und sie gleichzeitig zu starken Pers\u00f6nlichkeiten heranzubilden, ist ein Grundanliegen des Willi-Graf-Gymnasiums. Die Schule m\u00f6chte jungen Menschen einen Raum bieten, in dem sie ihre besonderen individuellen F\u00e4higkeiten entdecken und weiterentwickeln k\u00f6nnen.<\/p><p>Zur Umsetzung dieser Zielsetzung hat das WGG sein Unterrichtsangebot entsprechend strukturiert.<\/p>\t\t\t\t\t\t\t\t<\/div>\n\t\t\t\t<\/div>\n\t\t\t\t\t<\/div>\n\t\t<\/div>\n\t\t\t\t<div class=\"elementor-column elementor-col-50 elementor-top-column elementor-element elementor-element-9dee191\" data-id=\"9dee191\" data-element_type=\"column\" data-e-type=\"column\">\n\t\t\t<div class=\"elementor-widget-wrap elementor-element-populated\">\n\t\t\t\t\t\t<div class=\"elementor-element elementor-element-91cd0a4 elementor-widget elementor-widget-image\" data-id=\"91cd0a4\" data-element_type=\"widget\" data-e-type=\"widget\" data-widget_type=\"image.default\">\n\t\t\t\t<div class=\"elementor-widget-container\">\n\t\t\t\t\t\t\t\t\t\t\t\t\t\t\t<img fetchpriority=\"high\" decoding=\"async\" width=\"1024\" height=\"512\" src=\"https:\/\/www.willi-graf-schulen.de\/gymnasium\/wp-content\/uploads\/sites\/5\/2023\/11\/unterricht_grafik-1024x512.png\" class=\"attachment-large size-large wp-image-15875\" alt=\"\" srcset=\"https:\/\/www.willi-graf-schulen.de\/gymnasium\/wp-content\/uploads\/sites\/5\/2023\/11\/unterricht_grafik-1024x512.png 1024w, https:\/\/www.willi-graf-schulen.de\/gymnasium\/wp-content\/uploads\/sites\/5\/2023\/11\/unterricht_grafik-300x150.png 300w, https:\/\/www.willi-graf-schulen.de\/gymnasium\/wp-content\/uploads\/sites\/5\/2023\/11\/unterricht_grafik-768x384.png 768w, https:\/\/www.willi-graf-schulen.de\/gymnasium\/wp-content\/uploads\/sites\/5\/2023\/11\/unterricht_grafik-1536x768.png 1536w, https:\/\/www.willi-graf-schulen.de\/gymnasium\/wp-content\/uploads\/sites\/5\/2023\/11\/unterricht_grafik-2048x1024.png 2048w, https:\/\/www.willi-graf-schulen.de\/gymnasium\/wp-content\/uploads\/sites\/5\/2023\/11\/unterricht_grafik-600x300.png 600w, https:\/\/www.willi-graf-schulen.de\/gymnasium\/wp-content\/uploads\/sites\/5\/2023\/11\/unterricht_grafik-1280x640.png 1280w\" sizes=\"(max-width: 1024px) 100vw, 1024px\" \/>\t\t\t\t\t\t\t\t\t\t\t\t\t\t\t<\/div>\n\t\t\t\t<\/div>\n\t\t\t\t\t<\/div>\n\t\t<\/div>\n\t\t\t\t\t<\/div>\n\t\t<\/section>\n\t\t\t\t<section class=\"elementor-section elementor-top-section elementor-element elementor-element-c8f9af5 elementor-section-boxed elementor-section-height-default elementor-section-height-default\" data-id=\"c8f9af5\" data-element_type=\"section\" data-e-type=\"section\" data-settings=\"{&quot;jet_parallax_layout_list&quot;:[]}\">\n\t\t\t\t\t\t<div class=\"elementor-container elementor-column-gap-default\">\n\t\t\t\t\t<div class=\"elementor-column elementor-col-100 elementor-top-column elementor-element elementor-element-dc36970\" data-id=\"dc36970\" data-element_type=\"column\" data-e-type=\"column\">\n\t\t\t<div class=\"elementor-widget-wrap elementor-element-populated\">\n\t\t\t\t\t\t<div class=\"elementor-element elementor-element-e86d068 elementor-widget elementor-widget-text-editor\" data-id=\"e86d068\" data-element_type=\"widget\" data-e-type=\"widget\" data-widget_type=\"text-editor.default\">\n\t\t\t\t<div class=\"elementor-widget-container\">\n\t\t\t\t\t\t\t\t\t<h3>Sprachen<\/h3><p>Alle Sch\u00fclerinnen und Sch\u00fcler erlernen zun\u00e4chst zwei moderne Fremdsprachen &#8211; in Klasse 5\u00a0<a href=\"https:\/\/willi-graf-schulen.de\/gymnasium\/franzoesisch\/\"><span style=\"color: #0000ff;\"><u>Franz\u00f6sisch<\/u><\/span><\/a>\u00a0als erste und in Klasse 6\u00a0<a href=\"https:\/\/willi-graf-schulen.de\/gymnasium\/englisch\/\"><span style=\"color: #0000ff;\"><u>Englisch<\/u><\/span><\/a>\u00a0als zweite Fremdsprache.<\/p><h3>Naturwissenschaften<\/h3><p>Im <a href=\"https:\/\/www.willi-graf-schulen.de\/gymnasium\/naturwissenschaften-einmal-ganz-anders\/\">naturwissenschaftlichen Unterricht<\/a> des Willi-Graf-Gymnasiums werden die Sch\u00fclerinnen und Sch\u00fcler bereits in den Klassen 5 \u2013 7 ganzheitlich an naturwissenschaftliches Denken und Arbeiten herangef\u00fchrt. In der Klasse 5 wird vornehmlich das Fach Biologie, in den Klassen 6 und 7 werden die Sch\u00fclerinnen und Sch\u00fcler in den F\u00e4chern Physik, Chemie und Biologie in Trimestern vom jeweiligen Fachlehrer unterrichtet.\u00a0Im Fachunterricht wird in kleinen \u00dcbungsgruppen ein spielerisch-experimenteller Zugang er\u00f6ffnet. Praktische Arbeit und Experimente stehen hier im Vordergrund.<\/p><h3>Profilfach<\/h3><p>Bis zur Wahl des Profilfaches am Ende von Klasse 7 haben die Sch\u00fclerinnen und Sch\u00fcler\u00a0 bereits Erfahrungen mit zwei modernen Fremdsprachen als auch den Naturwissenschaften gesammelt. Somit ist Eltern und Sch\u00fclern eine grundlegende Entscheidungshilfe f\u00fcr die Zweigwahl gegeben.<\/p><p>Im sprachlichen Profilbereich besteht in Klasse 8 die Wahlm\u00f6glichkeit zwischen\u00a0<a href=\"https:\/\/willi-graf-schulen.de\/gymnasium\/spanisch\/\"><span style=\"color: #0000ff;\"><u>Spanisch<\/u><\/span><\/a>\u00a0oder\u00a0<a href=\"https:\/\/willi-graf-schulen.de\/gymnasium\/latein\/\"><span style=\"color: #0000ff;\"><u>Latein<\/u><\/span><\/a> als dritter Fremdsprache. Sch\u00fclerinnen und Sch\u00fcler, die sich f\u00fcr Latein entscheiden, erhalten nach bestandener Erg\u00e4nzungspr\u00fcfung am Ende von Klasse 10 das Latinum.<\/p><p>Anstelle der 3. Fremdsprache kann der MINT-Zweig mit verst\u00e4rktem Unterricht in Physik, Chemie und Informatik\u00a0gew\u00e4hlt werden. Im MINT-Zweig besteht f\u00fcr Sch\u00fclerinnen und Sch\u00fcler somit die M\u00f6glichkeit, das Fach Informatik bereits ab Klassenstufe 8 mit 2 Wochenstunden als regul\u00e4res Schulfach zu belegen.<\/p>\t\t\t\t\t\t\t\t<\/div>\n\t\t\t\t<\/div>\n\t\t\t\t\t<\/div>\n\t\t<\/div>\n\t\t\t\t\t<\/div>\n\t\t<\/section>\n\t\t\t\t<section class=\"elementor-section elementor-top-section elementor-element elementor-element-bcc6fdb elementor-section-boxed elementor-section-height-default elementor-section-height-default\" data-id=\"bcc6fdb\" data-element_type=\"section\" data-e-type=\"section\" data-settings=\"{&quot;jet_parallax_layout_list&quot;:[]}\">\n\t\t\t\t\t\t<div class=\"elementor-container elementor-column-gap-default\">\n\t\t\t\t\t<div class=\"elementor-column elementor-col-33 elementor-top-column elementor-element elementor-element-0fc8dbf\" data-id=\"0fc8dbf\" data-element_type=\"column\" data-e-type=\"column\">\n\t\t\t<div class=\"elementor-widget-wrap elementor-element-populated\">\n\t\t\t\t\t\t<div class=\"elementor-element elementor-element-5ce501d elementor-flip-box--effect-flip elementor-flip-box--direction-up elementor-widget elementor-widget-flip-box\" data-id=\"5ce501d\" data-element_type=\"widget\" data-e-type=\"widget\" data-widget_type=\"flip-box.default\">\n\t\t\t\t<div class=\"elementor-widget-container\">\n\t\t\t\t\t\t\t<div class=\"elementor-flip-box\" tabindex=\"0\">\n\t\t\t<div class=\"elementor-flip-box__layer elementor-flip-box__front\">\n\t\t\t\t<div class=\"elementor-flip-box__layer__overlay\">\n\t\t\t\t\t<div class=\"elementor-flip-box__layer__inner\">\n\t\t\t\t\t\t\n\t\t\t\t\t\t\t\t\t\t\t\t\t<h3 class=\"elementor-flip-box__layer__title\">\n\t\t\t\t\t\t\t\tMINT\t\t\t\t\t\t\t<\/h3>\n\t\t\t\t\t\t\n\t\t\t\t\t\t\t\t\t\t\t<\/div>\n\t\t\t\t<\/div>\n\t\t\t<\/div>\n\t\t\t<div class=\"elementor-flip-box__layer elementor-flip-box__back\">\n\t\t\t<div class=\"elementor-flip-box__layer__overlay\">\n\t\t\t\t<div class=\"elementor-flip-box__layer__inner\">\n\t\t\t\t\t\t\t\t\t\t\t<h3 class=\"elementor-flip-box__layer__title\">\n\t\t\t\t\t\t\tMINT\t\t\t\t\t\t<\/h3>\n\t\t\t\t\t\n\t\t\t\t\t\n\t\t\t\t\t\t\t\t\t\t\t<a class=\"elementor-flip-box__button elementor-button elementor-size-sm\" href=\"https:\/\/willi-graf-schulen.de\/gymnasium\/mint\/\">\n\t\t\t\t\t\t\tmehr erfahren\t\t\t\t\t\t<\/a>\n\t\t\t\t\t\t\t\t<\/div>\n\t\t<\/div>\n\t\t<\/div>\n\t\t<\/div>\n\t\t\t\t\t\t<\/div>\n\t\t\t\t<\/div>\n\t\t\t\t\t<\/div>\n\t\t<\/div>\n\t\t\t\t<div class=\"elementor-column elementor-col-33 elementor-top-column elementor-element elementor-element-d66ccd3\" data-id=\"d66ccd3\" data-element_type=\"column\" data-e-type=\"column\">\n\t\t\t<div class=\"elementor-widget-wrap elementor-element-populated\">\n\t\t\t\t\t\t<div class=\"elementor-element elementor-element-efa5d19 elementor-flip-box--effect-flip elementor-flip-box--direction-up elementor-widget elementor-widget-flip-box\" data-id=\"efa5d19\" data-element_type=\"widget\" data-e-type=\"widget\" data-widget_type=\"flip-box.default\">\n\t\t\t\t<div class=\"elementor-widget-container\">\n\t\t\t\t\t\t\t<div class=\"elementor-flip-box\" tabindex=\"0\">\n\t\t\t<div class=\"elementor-flip-box__layer elementor-flip-box__front\">\n\t\t\t\t<div class=\"elementor-flip-box__layer__overlay\">\n\t\t\t\t\t<div class=\"elementor-flip-box__layer__inner\">\n\t\t\t\t\t\t\n\t\t\t\t\t\t\t\t\t\t\t\t\t<h3 class=\"elementor-flip-box__layer__title\">\n\t\t\t\t\t\t\t\tMehrsprachigkeit\t\t\t\t\t\t\t<\/h3>\n\t\t\t\t\t\t\n\t\t\t\t\t\t\t\t\t\t\t<\/div>\n\t\t\t\t<\/div>\n\t\t\t<\/div>\n\t\t\t<div class=\"elementor-flip-box__layer elementor-flip-box__back\">\n\t\t\t<div class=\"elementor-flip-box__layer__overlay\">\n\t\t\t\t<div class=\"elementor-flip-box__layer__inner\">\n\t\t\t\t\t\t\t\t\t\t\t<h3 class=\"elementor-flip-box__layer__title\">\n\t\t\t\t\t\t\tMehrsprachigkeit\t\t\t\t\t\t<\/h3>\n\t\t\t\t\t\n\t\t\t\t\t\n\t\t\t\t\t\t\t\t\t\t\t<a class=\"elementor-flip-box__button elementor-button elementor-size-sm\" href=\"https:\/\/willi-graf-schulen.de\/gymnasium\/mehrsprachigkeit\/\">\n\t\t\t\t\t\t\tmehr erfahren\t\t\t\t\t\t<\/a>\n\t\t\t\t\t\t\t\t<\/div>\n\t\t<\/div>\n\t\t<\/div>\n\t\t<\/div>\n\t\t\t\t\t\t<\/div>\n\t\t\t\t<\/div>\n\t\t\t\t\t<\/div>\n\t\t<\/div>\n\t\t\t\t<div class=\"elementor-column elementor-col-33 elementor-top-column elementor-element elementor-element-94f42c6\" data-id=\"94f42c6\" data-element_type=\"column\" data-e-type=\"column\">\n\t\t\t<div class=\"elementor-widget-wrap elementor-element-populated\">\n\t\t\t\t\t\t<div class=\"elementor-element elementor-element-106f6d8 elementor-flip-box--effect-flip elementor-flip-box--direction-up elementor-widget elementor-widget-flip-box\" data-id=\"106f6d8\" data-element_type=\"widget\" data-e-type=\"widget\" data-widget_type=\"flip-box.default\">\n\t\t\t\t<div class=\"elementor-widget-container\">\n\t\t\t\t\t\t\t<div class=\"elementor-flip-box\" tabindex=\"0\">\n\t\t\t<div class=\"elementor-flip-box__layer elementor-flip-box__front\">\n\t\t\t\t<div class=\"elementor-flip-box__layer__overlay\">\n\t\t\t\t\t<div class=\"elementor-flip-box__layer__inner\">\n\t\t\t\t\t\t\n\t\t\t\t\t\t\t\t\t\t\t\t\t<h3 class=\"elementor-flip-box__layer__title\">\n\t\t\t\t\t\t\t\tMusikalischer Schwerpunkt\t\t\t\t\t\t\t<\/h3>\n\t\t\t\t\t\t\n\t\t\t\t\t\t\t\t\t\t\t<\/div>\n\t\t\t\t<\/div>\n\t\t\t<\/div>\n\t\t\t<div class=\"elementor-flip-box__layer elementor-flip-box__back\">\n\t\t\t<div class=\"elementor-flip-box__layer__overlay\">\n\t\t\t\t<div class=\"elementor-flip-box__layer__inner\">\n\t\t\t\t\t\t\t\t\t\t\t<h3 class=\"elementor-flip-box__layer__title\">\n\t\t\t\t\t\t\tMusikalischer Schwerpunkt\t\t\t\t\t\t<\/h3>\n\t\t\t\t\t\n\t\t\t\t\t\n\t\t\t\t\t\t\t\t\t\t\t<a class=\"elementor-flip-box__button elementor-button elementor-size-sm\" href=\"https:\/\/willi-graf-schulen.de\/gymnasium\/blaeser-und-streicherklasse-schulformuebergreifend\/\">\n\t\t\t\t\t\t\tmehr erfahren\t\t\t\t\t\t<\/a>\n\t\t\t\t\t\t\t\t<\/div>\n\t\t<\/div>\n\t\t<\/div>\n\t\t<\/div>\n\t\t\t\t\t\t<\/div>\n\t\t\t\t<\/div>\n\t\t\t\t\t<\/div>\n\t\t<\/div>\n\t\t\t\t\t<\/div>\n\t\t<\/section>\n\t\t\t\t<\/div>\n\t\t","protected":false},"excerpt":{"rendered":"<p>Sprachenfolge und Zweigwahl Junge Menschen durch ein erweitertes Unterrichtsangebot auf die Erfordernisse einer von Mehrsprachigkeit gepr\u00e4gten globalisierten und technisierten Welt vorzubereiten und sie gleichzeitig zu starken Pers\u00f6nlichkeiten heranzubilden, ist ein Grundanliegen des Willi-Graf-Gymnasiums. Die Schule m\u00f6chte jungen Menschen einen Raum bieten, in dem sie ihre besonderen individuellen F\u00e4higkeiten entdecken und weiterentwickeln k\u00f6nnen. Zur Umsetzung dieser [&hellip;]<\/p>\n","protected":false},"author":1,"featured_media":0,"parent":0,"menu_order":0,"comment_status":"closed","ping_status":"closed","template":"","meta":{"footnotes":""},"class_list":["post-9328","page","type-page","status-publish","hentry"],"_links":{"self":[{"href":"https:\/\/www.willi-graf-schulen.de\/gymnasium\/wp-json\/wp\/v2\/pages\/9328","targetHints":{"allow":["GET"]}}],"collection":[{"href":"https:\/\/www.willi-graf-schulen.de\/gymnasium\/wp-json\/wp\/v2\/pages"}],"about":[{"href":"https:\/\/www.willi-graf-schulen.de\/gymnasium\/wp-json\/wp\/v2\/types\/page"}],"author":[{"embeddable":true,"href":"https:\/\/www.willi-graf-schulen.de\/gymnasium\/wp-json\/wp\/v2\/users\/1"}],"replies":[{"embeddable":true,"href":"https:\/\/www.willi-graf-schulen.de\/gymnasium\/wp-json\/wp\/v2\/comments?post=9328"}],"version-history":[{"count":62,"href":"https:\/\/www.willi-graf-schulen.de\/gymnasium\/wp-json\/wp\/v2\/pages\/9328\/revisions"}],"predecessor-version":[{"id":15878,"href":"https:\/\/www.willi-graf-schulen.de\/gymnasium\/wp-json\/wp\/v2\/pages\/9328\/revisions\/15878"}],"wp:attachment":[{"href":"https:\/\/www.willi-graf-schulen.de\/gymnasium\/wp-json\/wp\/v2\/media?parent=9328"}],"curies":[{"name":"wp","href":"https:\/\/api.w.org\/{rel}","templated":true}]}}